
12
What is the remainder when 295 is divided by 107?
81
What is the remainder when 897 is divided by 60?
57
Calculate the remainder when 148 is divided by 117.
31
What is the remainder when 85 is divided by 8?
5
What is the remainder when 16324 is divided by 6?
4
Calculate the remainder when 787 is divided by 35.
17
Calculate the remainder when 205 is divided by 5.
0
What is the remainder when 933 is divided by 104?
101
Calculate the remainder when 498 is divided by 32.
18
Calculate the remainder when 314 is divided by 65.
54
Calculate the remainder when 1480 is divided by 297.
292
Calculate the remainder when 17 is divided by 8.
1
What is the remainder when 7818 is divided by 24?
18
Calculate the remainder when 346 is divided by 49.
3
Calculate the remainder when 152 is divided by 52.
48
What is the remainder when 31 is divided by 16?
15
What is the remainder when 144 is divided by 74?
70
Calculate the remainder when 33 is divided by 22.
11
Calculate the remainder when 476 is divided by 30.
26
What is the remainder when 730 is divided by 15?
10
Calculate the remainder when 139 is divided by 26.
9
What is the remainder when 294 is divided by 179?
115
Calculate the remainder when 3159 is divided by 93.
90
What is the remainder when 21 is divided by 15?
6
What is the remainder when 1090 is divided by 1079?
11
What is the remainder when 1704 is divided by 28?
24
Calculate the remainder when 2538 is divided by 16.
10
Calculate the remainder when 889 is divided by 27.
25
Calculate the remainder when 246 is divided by 63.
57
What is the remainder when 1296 is divided by 6?
0
Calculate the remainder when 40 is divided by 22.
18
Calculate the remainder when 35 is divided by 6.
5
Calculate the remainder when 236 is divided by 80.
76
Calculate the remainder when 163 is divided by 158.
5
What is the remainder when 837 is divided by 141?
132
Calculate the remainder when 2315 is divided by 7.
5
What is the remainder when 131 is divided by 50?
31
What is the remainder when 724 is divided by 354?
16
What is the remainder when 2405 is divided by 95?
30
What is the remainder when 541 is divided by 173?
22
Calculate the remainder when 29 is divided by 7.
1
What is the remainder when 534 is divided by 27?
21
Calculate the remainder when 1944 is divided by 194.
4
Calculate the remainder when 1887 is divided by 22.
17
Calculate the remainder when 308 is divided by 26.
22
Calculate the remainder when 261 is divided by 69.
54
Calculate the remainder when 32 is divided by 17.
15
What is the remainder when 162 is divided by 76?
10
What is the remainder when 147 is divided by 5?
2
Calculate the remainder when 24731 is divided by 18.
17
What is the remainder when 4501 is divided by 57?
55
Calculate the remainder when 482 is divided by 23.
22
What is the remainder when 514 is divided by 13?
7
What is the remainder when 871 is divided by 73?
68
What is the remainder when 156 is divided by 6?
0
What is the remainder when 2233 is divided by 1109?
15
What is the remainder when 545 is divided by 213?
119
Calculate the remainder when 248 is divided by 5.
3
Calculate the remainder when 2969 is divided by 199.
183
Calculate the remainder when 21262 is divided by 11.
10
Calculate the remainder when 395 is divided by 65.
5
Calculate the remainder when 231 is divided by 60.
51
What is the remainder when 179 is divided by 20?
19
What is the remainder when 544 is divided by 26?
24
What is the remainder when 251 is divided by 91?
69
What is the remainder when 14095 is divided by 47?
42
Calculate the remainder when 147 is divided by 69.
9
What is the remainder when 587 is divided by 21?
20
Calculate the remainder when 185 is divided by 27.
23
What is the remainder when 650 is divided by 75?
50
Calculate the remainder when 11 is divided by 6.
5
What is the remainder when 1642 is divided by 46?
32
What is the remainder when 5934 is divided by 53?
51
What is the remainder when 426 is divided by 33?
30
Calculate the remainder when 548 is divided by 132.
20
What is the remainder when 256 is divided by 49?
11
What is the remainder when 20 is divided by 3?
2
What is the remainder when 359 is divided by 40?
39
Calculate the remainder when 337 is divided by 10.
7
What is the remainder when 2350 is divided by 11?
7
What is the remainder when 12791 is divided by 123?
122
Calculate the remainder when 129 is divided by 3.
0
Calculate the remainder when 807 is divided by 397.
13
Calculate the remainder when 2337 is divided by 2318.
19
Calculate the remainder when 273 is divided by 68.
1
Calculate the remainder when 426 is divided by 39.
36
What is the remainder when 467 is divided by 95?
87
Calculate the remainder when 1179 is divided by 54.
45
What is the remainder when 156 is divided by 20?
16
Calculate the remainder when 1677 is divided by 93.
3
What is the remainder when 32 is divided by 7?
4
Calculate the remainder when 751 is divided by 47.
46
What is the remainder when 2097 is divided by 349?
3
What is the remainder when 489 is divided by 35?
34
What is the remainder when 185 is divided by 92?
1
Calculate the remainder when 82 is divided by 23.
13
What is the remainder when 217 is divided by 107?
3
What is the remainder when 1222 is divided by 102?
100
What is the remainder when 2104 is divided by 81?
79
What is the remainder when 2408 is divided by 75?
8
Calculate the remainder when 34 is divided by 29.
5
What is the remainder when 496 is divided by 126?
118
Calculate the remainder when 43 is divided by 25.
18
Calculate the remainder when 1336 is divided by 17.
10
What is the remainder when 1425 is divided by 84?
81
What is the remainder when 327 is divided by 34?
21
What is the remainder when 76 is divided by 42?
34
What is the remainder when 126 is divided by 27?
18
Calculate the remainder when 84 is divided by 18.
12
What is the remainder when 280 is divided by 73?
61
What is the remainder when 7442 is divided by 13?
6
What is the remainder when 378 is divided by 111?
45
Calculate the remainder when 270 is divided by 139.
131
What is the remainder when 23213 is divided by 53?
52
What is the remainder when 5240 is divided by 57?
53
What is the remainder when 95 is divided by 5?
0
Calculate the remainder when 698 is divided by 137.
13
What is the remainder when 5779 is divided by 22?
15
What is the remainder when 111 is divided by 57?
54
What is the remainder when 11863 is divided by 105?
103
Calculate the remainder when 77 is divided by 16.
13
Calculate the remainder when 826 is divided by 92.
90
What is the remainder when 336 is divided by 111?
3
What is the remainder when 150 is divided by 51?
48
Calculate the remainder when 511 is divided by 3.
1
What is the remainder when 89 is divided by 23?
20
What is the remainder when 48 is divided by 7?
6
Calculate the remainder when 4728 is divided by 22.
20
What is the remainder when 4029 is divided by 21?
18
Calculate the remainder when 910 is divided by 209.
74
What is the remainder when 194 is divided by 110?
84
Calculate the remainder when 252 is divided by 98.
56
Calculate the remainder when 1490 is divided by 460.
110
Calculate the remainder when 578 is divided by 186.
20
What is the remainder when 210 is divided by 30?
0
Calculate the remainder when 162 is divided by 76.
10
Calculate the remainder when 191 is divided by 65.
61
What is the remainder when 174 is divided by 55?
9
What is the remainder when 3068 is divided by 60?
8
Calculate the remainder when 86 is divided by 23.
17
What is the remainder when 483 is divided by 435?
48
Calculate the remainder when 1421 is divided by 113.
65
Calculate the remainder when 303 is divided by 299.
4
What is the remainder when 236 is divided by 168?
68
Calculate the remainder when 593 is divided by 15.
8
What is the remainder when 76 is divided by 3?
1
What is the remainder when 242 is divided by 49?
46
What is the remainder when 253 is divided by 27?
10
What is the remainder when 248 is divided by 36?
32
What is the remainder when 741 is divided by 62?
59
What is the remainder when 98 is divided by 50?
48
What is the remainder when 1886 is divided by 163?
93
Calculate the remainder when 130 is divided by 29.
14
Calculate the remainder when 5542 is divided by 79.
12
Calculate the remainder whe